00 is divided by 4684?
664
Calculate the remainder when 12835 is divided by 475.
10
Calculate the remainder when 18992 is divided by 9483.
26
What is the remainder when 14154 is divided by 28?
14
What is the remainder when 90256 is divided by 432?
400
What is the remainder when 271983 is divided by 15?
3
Calculate the remainder when 1667 is divided by 421.
404
What is the remainder when 9415 is divided by 231?
175
What is the remainder when 1125 is divided by 373?
6
Calculate the remainder when 3781 is divided by 85.
41
What is the remainder when 3750 is divided by 452?
134
Calculate the remainder when 21591 is divided by 2158.
11
What is the remainder when 11556 is divided by 42?
6
What is the remainder when 416 is divided by 20?
16
What is the remainder when 3168 is divided by 419?
235
What is the remainder when 23855 is divided by 2689?
2343
Calculate the remainder when 7781 is divided by 69.
53
Calculate the remainder when 44903 is divided by 2639.
40
What is the remainder when 785 is divided by 344?
97
What is the remainder when 55054 is divided by 55054?
0
What is the remainder when 240725 is divided by 611?
602
Calculate the remainder when 2538 is divided by 410.
78
What is the remainder when 6074 is divided by 275?
24
What is the remainder when 386834 is divided by 388?
386
What is the remainder when 1876 is divided by 198?
94
Calculate the remainder when 185 is divided by 104.
81
What is the remainder when 190 is divided by 99?
91
Calculate the remainder when 986 is divided by 469.
48
What is the remainder when 752917 is divided by 705?
682
What is the remainder when 6709 is divided by 394?
11
Calculate the remainder when 83667 is divided by 59.
5
What is the remainder when 3079 is divided by 527?
444
What is the remainder when 22369 is divided by 2483?
22
Calculate the remainder when 29948 is divided by 29746.
202
What is the remainder when 3011 is divided by 2962?
49
Calculate the remainder when 15295 is divided by 7638.
19
Calculate the remainder when 246536 is divided by 82177.
5
What is the remainder when 2027 is divided by 348?
287
Calculate the remainder when 49534 is divided by 172.
170
Calculate the remainder when 74 is divided by 47.
27
What is the remainder when 370 is divided by 168?
34
What is the remainder when 33780 is divided by 81?
3
What is the remainder when 2367 is divided by 473?
2
Calculate the remainder when 109521 is divided by 745.
6
Calculate the remainder when 6252 is divided by 8.
4
Calculate the remainder when 767 is divided by 97.
88
Calculate the remainder when 344734 is divided by 54.
52
What is the remainder when 40576 is divided by 354?
220
What is the remainder when 19306 is divided by 93?
55
Calculate the remainder when 20301 is divided by 4060.
1
What is the remainder when 1430733 is divided by 265?
263
What is the remainder when 23141 is divided by 169?
157
Calculate the remainder when 7161003 is divided by 562.
561
Calculate the remainder when 5853 is divided by 244.
241
Calculate the remainder when 16959 is divided by 14.
5
Calculate the remainder when 22801 is divided by 42.
37
Calculate the remainder when 2037 is divided by 509.
1
What is the remainder when 19153 is divided by 4640?
593
Calculate the remainder when 894 is divided by 168.
54
What is the remainder when 239249 is divided by 174?
173
Calculate the remainder when 140349 is divided by 272.
269
What is the remainder when 42364 is divided by 1628?
36
Calculate the remainder when 717 is divided by 372.
345
What is the remainder when 7605 is divided by 629?
57
What is the remainder when 11400 is divided by 1628?
4
What is the remainder when 6906 is divided by 6737?
169
What is the remainder when 781731 is divided by 269?
17
Calculate the remainder when 193597 is divided by 4.
1
Calculate the remainder when 35592 is divided by 5882.
300
What is the remainder when 4392 is divided by 22?
14
What is the remainder when 5279 is divided by 1068?
1007
What is the remainder when 87686 is divided by 474?
470
Calculate the remainder when 2312 is divided by 1144.
24
What is the remainder when 368649 is divided by 137?
119
Calculate the remainder when 2276 is divided by 101.
54
Calculate the remainder when 45147 is divided by 602.
599
What is the remainder when 15898 is divided by 15197?
701
Calculate the remainder when 93664 is divided by 576.
352
Calculate the remainder when 785125 is divided by 184.
181
What is the remainder when 3013 is divided by 808?
589
Calculate the remainder when 318 is divided by 14.
10
What is the remainder when 9954 is divided by 1171?
586
Calculate the remainder when 900078 is divided by 91.
88
Calculate the remainder when 49310 is divided by 1971.
35
What is the remainder when 381796 is divided by 100?
96
What is the remainder when 45754 is divided by 144?
106
What is the remainder when 201248 is divided by 14?
12
What is the remainder when 327 is divided by 164?
163
What is the remainder when 6202 is divided by 2992?
218
Calculate the remainder when 3006 is divided by 116.
106
What is the remainder when 141698 is divided by 37?
25
What is the remainder when 479 is divided by 470?
9
What is the remainder when 71731 is divided by 23904?
19
What is the remainder when 2388 is divided by 17?
8
Calculate the remainder when 21624 is divided by 3597.
42
Calculate the remainder when 1194 is divided by 360.
114
Calculate the remainder when 6137889 is divided by 4.
1
What is the remainder when 9916 is divided by 4930?
56
What is the remainder when 85675 is divided by 336?
331
Calculate the remainder when 117020 is divided by 23.
19
Calculate the remainder when 163300 is divided by 149.
145
Calculate the remainder when 101181 is divided by 1909.
4
Calculate the remainder when 1211 is divided by 56.
35
Calculate the remainder when 4026609 is divided by 1886.
1885
Calculate the remainder when 5980 is divided by 2371.
1238
Calculate the remainder when 3541 is divided by 44.
21
Calculate the remainder when 1227 is divided by 185.
117
What is the remainder when 108708 is divided by 165?
138
Calculate the remainder when 91660 is divided by 485.
480
What is the remainder when 3420 is divided by 490?
480
What is the remainder when 74044 is divided by 1397?
3
Calculate the remainder when 4013 is divided by 40.
13
What is the remainder when 5697 is divided by 66?
21
What is the remainder when 15866 is divided by 3075?
491
Calculate the remainder when 1999868 is divided by 881.
879
What is the remainder when 658 is divided by 573?
85
What is the remainder when 4938 is divided by 150?
138
Calculate the remainder when 3259 is divided by 69.
16
Calculate the remainder when 4913 is divided by 70.
13
What is the remainder when 4312 is divided by 716?
16
What is the remainder when 9644 is divided by 322?
306
What is the remainder when 2693 is divided by 53?
43
Calculate the remainder when 420 is divided by 43.
33
Calculate the remainder when 19233 is divided by 70.
53
Calculate the remainder when 65230 is divided by 156.
22
What is the remainder when 52092 is divided by 73?
43
What is the remainder when 1106 is divided by 104?
66
What is the remainder when 64932 is divided by 21636?
24
Calculate the remainder when 138734 is divided by 19814.
36
What is the remainder when 39076 is divided by 19324?
428
What is the remainder when 1164 is divided by 187?
42
Calculate the remainder when 254930 is divided by 652.
650
What is the remainder when 99109 is divided by 178?
141
Calculate the remainder when 11741 is divided by 806.
457
What is the remainder when 1809 is divided by 436?
65
What is the remainder when 30174 is divided by 296?
278
Calculate the remainder when 63833 is divided by 48.
41
What is the remainder when 3697 is divided by 219?
193
What is the remainder when 982 is divided by 24?
22
Calculate the remainder when 332017 is divided by 44.
37
What is the remainder when 20123 is divided by 26?
25
Calculate the remainder when 5889 is divided by 197.
176
What is the remainder when 4998 is divided by 1069?
722
What is the remainder when 74381 is divided by 138?
137
What is the remainder when 268 is divided by 267?
1
What is the remainder when 1320 is divided by 63?
60
Calculate the remainder when 135685 is divided by 6784.
5
What is the rem